**2 - 4*t - 10. Suppose 5*q - 28 = q. Let f be b(q). Let j = -219 - -264. What is the highest common factor of f and j?
15
Let a = -131128 - -131168. Let l be 2*-1 + 2 + 154. Suppose -2*x - l = -5*i, 2*x - 116 = -2*i - 2*i. Calculate the greatest common divisor of i and a.
10
Let o be (306/(-24))/((-15)/(-40)). Let z(v) = -27*v - 428. Let p be z(o). Calculate the highest common factor of 10 and p.
10
Let s(k) = -45*k - 59. Let t be s(-4). Suppose 0 = -6*m + t + 41. What is the greatest common factor of 3 and m?
3
Let m(b) = 3*b**2 + 241*b - 2711. Let q be m(11). What is the highest common divisor of 18 and q?
3
Suppose -4*g + 5*a = -34405, 75*a + 8595 = g + 80*a. What is the greatest common divisor of 86 and g?
86
Suppose 12 - 2 = 2*v. Suppose -v*d + 644 + 231 = 0. Suppose 8*a - 41 - d = 0. Calculate the highest common divisor of 27 and a.
27
Let w = -5792 - -8462. Calculate the greatest common factor of w and 6.
6
Let h = 3000 + -2772. What is the greatest common divisor of h and 156?
12
Let i(j) = 4*j**2 + 35*j - 70. Let a be i(-33). Calculate the greatest common divisor of 62 and a.
31
Suppose -4*k - 515 + 639 = 0. Suppose -k = -17*y + 88. Calculate the highest common factor of 13 and y.
1
Let b(t) = 99*t**3 + 3*t**2 + 7*t - 53. Let k be b(3). What is the greatest common factor of 29 and k?
29
Let i be ((-28)/1)/7 + 712. Suppose -4*a + i = -4*w + 116, -5*a - 4*w + 731 = 0. What is the greatest common factor of 42 and a?
21
Let b(o) = 2*o**2 + 12*o - 9. Let x be b(-7). Let m be ((-56)/(-12))/(x/135). Suppose -16*p + 13*p = -m. Calculate the highest common factor of p and 56.
14
Let r be 13/((-234)/24)*(-1026)/4. What is the greatest common factor of 3 and r?
3
Let l be -25*(-58 + 300/(-20)). What is the highest common divisor of 75 and l?
25
Suppose 0 = -3*v - 86*z + 88*z + 210, 0 = 3*v - z - 222. Let u(x) = -623*x**3 + 2*x**2 + x. Let f be u(-1). What is the greatest common divisor of f and v?
78
Suppose -3*p = -2*j - 116, 7*p + 4*j + 106 = 10*p. Calculate the greatest common factor of 826 and p.
14
Suppose -3*g - 4*t = -t - 345, 125 = g - 4*t. Suppose 36*o - 34*o = 162. Let v = g - o. What is the greatest common divisor of v and 24?
12
Suppose -6*f + 556 = 4*n, -3*f - 676 = -5*n - f. What is the highest common factor of n and 7820?
68
Suppose 5351 = 51*n - 8419. Calculate the highest common divisor of 1410 and n.
30
Let v = -10 + 13. Let i be (v - 2*-8) + 0. Suppose -13*k + 16*k - 570 = 0. What is the greatest common divisor of k and i?
19
Let w(m) = -8*m - 54. Let r be w(-7). Let q be r/(-14) + 5093/77. Let x = q + -11. What is the highest common factor of 22 and x?
11
Suppose -460*s + 591 = -446*s - 2965. What is the greatest common factor of s and 3683?
127
Suppose r - 957 = 3*p, 143*r - 5*p = 146*r - 2801. What is the highest common factor of r and 2669?
157
Let f be (-144)/9*10/(-8). Suppose -72*l - 45*l + 30420 = 0. What is the greatest common divisor of l and f?
20
Suppose -40 - 221 = -2*y + 3*u, -4*y + u = -507. What is the highest common divisor of y and 1050?
42
Suppose 0 = 4*f + 4*l - 4, 7*f - 9*f = 4*l. Suppose -8*b + 162 = -f*b. What is the greatest common factor of 6 and b?
3
Suppose -d + 130 = 4*s - 273, 0 = 4*d + 2*s - 1626. Calculate the highest common divisor of d and 66.
11
Let z = 439 - 281. Let x be (6/(-27))/((-25)/(-15) + 32/(-18)). Calculate the greatest common divisor of x and z.
2
Suppose 5*a - 1080 - 874 = -2*t, -1552 = -4*a + 4*t. Calculate the greatest common factor of 8450 and a.
130
Suppose 3150 = 12*o + 2*o. Let j = o - 60. What is the highest common factor of j and 66?
33
Suppose -1192*m + 1234*m = 4452. Let t = 469 - 204. What is the greatest common factor of m and t?
53
Suppose 7*n - 2*n - 135 = 0. Suppose n = 4*i - 17. Suppose 0 = -i*l + 8*l + 36. What is the greatest common divisor of l and 4?
4
Let c(i) = -207*i + 1059. Let f be c(2). Suppose 0 = -3*p + 42 + 3. Calculate the highest common factor of p and f.
15
Let z = 103 - 99. Suppose l + 3 + 7 = 5*w, 4*l = z*w + 24. Calculate the highest common factor of 5 and l.
5
Suppose -5 = 3*y - 53. Let p(o) be the third derivative of -o**4/3 + 16*o**3/3 - 13*o**2 + o. Let b be p(-6). What is the highest common divisor of y and b?
16
Let i = -5930 - -5978. What is the greatest common divisor of i and 6960?
48
Let j be ((-1 + 3)*(-273)/(-63))/(4/246). Calculate the greatest common factor of 26 and j.
13
Suppose 64 = 2*y - 5*a - 60, -2*a - 112 = -2*y. Let n = -68797 + 68817. What is the greatest common divisor of y and n?
4
Let i be 36/(-42)*(-10787)/23. Calculate the highest common divisor of i and 6.
6
Let d = -222 - -218. Suppose -g - 5*u - 6 = 0, 6*g - 2*g - 2*u = -2. Let l be 17 - (-5 - g - (d + 3)). Calculate the greatest common factor of 160 and l.
20
Suppose 0 = -3*s + 5*z - 271, 272 + 66 = -4*s + 2*z. Let b = -73 - s. Suppose b = 2*y - 7. What is the highest common factor of 1 and y?
1
Let o be 5/(-2) + 37/74 - -4. Suppose 147 - 291 = -o*l. Calculate the highest common divisor of 168 and l.
24
Suppose -2*c = c - 99. Suppose c*k = 2336 + 898. What is the highest common factor of k and 70?
14
Let a be (0 + 32/(-10))/((-32528)/(-2960) - 11). Calculate the greatest common divisor of 56 and a.
8
Suppose -2*w - 47 = -3*o, -o + 5*w = -2*o + 44. Let m(c) = c**3 - 17*c**2 - 34*c - 32. Let s be m(o). Calculate the highest common factor of s and 33.
11
Let r = 235 - 233. Let c be (-5 - (r - 5)) + -5 + 39. What is the highest common divisor of 352 and c?
32
Let o be 5*10 - (18 + -23). Suppose o*u = 59*u + 1680. Let q be ((-3)/(-5)*4)/((-7)/u). What is the greatest common divisor of 96 and q?
48
Let w(y) = 2*y + 6. Let z be w(2). Let t be -2 + 60/25 + 296/z. Let x be (3/(0 + 6))/((-3)/(-1980)). What is the highest common factor of x and t?
30
Let f be 10/14 - (-5514)/42. Calculate the highest common divisor of 1254 and f.
66
Let u be (24/(-28))/(42/(-13377)). Let l = 5 - -8. Calculate the greatest common divisor of u and l.
13
Let a be -4 + 7 - -4 - 632. Let z = a + 633. Let f(j) = 2*j**2 + 3*j - 1. Let m be f(-3). What is the highest common divisor of m and z?
8
Let x = 42 + -20. Let r be (-1)/(x/12 - 2). Let u(t) = -24*t - 30. Let l be u(-6). Calculate the greatest common factor of l and r.
6
Let h be 374 + (-12)/(-8)*7/42*-8. Calculate the highest common divisor of 1356 and h.
12
Suppose 0 = -w + 1400*q - 1396*q + 8066, 3*q + 8072 = w. What is the highest common divisor of 10 and w?
10
Let r = 292 - 325. Let g be ((-4)/(20/27))/(r/110). Calculate the highest common factor of 12 and g.
6
Let m be -14 + (9 - (4 - 21)). Calculate the greatest common factor of m and 256.
4
Suppose -45 = -3*c + 3*v, 2*c + 4*v = c + 25. Let h be (1/2)/(c/(-34)). Let o be h/(2 - 1) + 22/2. What is the highest common factor of 10 and o?
10
Let h(u) = u**3 + 72*u**2 - 640*u + 132. Let f be h(-80). What is the greatest common factor of 242 and f?
22
Let h = -127 - -125. Let o(y) = -45*y - 67. Let g be o(h). Calculate the highest common factor of g and 23.
23
Let p(q) = q**2 + 33*q + 39. Let i be p(-33). Suppose 0 = -b - 4, -5*u + 2*b = -203. Calculate the highest common divisor of i and u.
39
Let y be 8/((-84)/77 + 1). Let d = y - -408. What is the highest common divisor of 5 and d?
5
Suppose 3*i - 230 = z - 207, -4*z - 12 = -2*i. What is the greatest common divisor of 844 and i?
4
Suppose 403 = 5*q - 2*u + 165, 237 = 5*q - 3*u. Calculate the highest common factor of q and 4848.
48
Let w = -435 + 227. Let s = -180 - w. What is the greatest common factor of 420 and s?
28
Let d be 602/21*(-45)/(-6). Let c = d + -180. What is the highest common divisor of c and 5?
5
Suppose -48*n + 55*n = 0. Suppose n*g + 2*g - 358 = -4*r, 0 = -3*r - 2*g + 270. Calculate the greatest common factor of r and 99.
11
Suppose -5*x + 555 = 5*r, 7*r - 771 = -3*x + 2*x. Calculate the highest common factor of r and 176.
22
Let d be (85822/12 - -2) + (-630)/756. What is the greatest common divisor of 46 and d?
23
Let j be (-6)/(-18)*-1*(-18)/1 - -122. What is the highest common factor of 288 and j?
32
Suppose -19*z + 1143 = 573. What is the highest common divisor of 2490 and z?
30
Let i be 6/(-4) + (8/5 - (-377839)/110). What is the highest common divisor of 15 and i?
15
Let j = 7370 + -7328. What is the highest co